{"id":34,"date":"2026-04-13T11:03:15","date_gmt":"2026-04-13T11:03:15","guid":{"rendered":"https:\/\/goldhaus-roesrath.de\/?page_id=34"},"modified":"2026-04-13T13:31:10","modified_gmt":"2026-04-13T13:31:10","slug":"impressum","status":"publish","type":"page","link":"https:\/\/goldhaus-roesrath.de\/?page_id=34","title":{"rendered":"Impressum"},"content":{"rendered":"\n<div class=\"wp-block-group has-global-padding is-layout-constrained wp-block-group-is-layout-constrained\">\n<p>Goldhaus an der S\u00fclz<br>Franz \/ Rose GbR<\/p>\n\n\n\n<p>Bahnhofstra\u00dfe 1<br>51503 R\u00f6srath<br>Deutschland<\/p>\n\n\n\n<p><strong>Vertreten durch:<\/strong><br>Rose<\/p>\n\n\n\n<p><strong>Kontakt:<\/strong><br>Telefon: 02205 9479803<br>E-Mail: info@goldhaus-roesrath.de<br>Web: www.goldhaus-roesrath.de<\/p>\n\n\n\n<p><strong>Umsatzsteuer-ID:<\/strong><br><em>507\/4899\/1366<\/em><\/p>\n\n\n\n<p><strong>Handelsregister:<\/strong><br>Amtsgericht ,\u00a0<\/p>\n\n\n\n<h2 class=\"wp-block-heading\">Haftungsausschluss<\/h2>\n\n\n\n<p>Die Inhalte dieser Seite wurden mit gr\u00f6\u00dfter Sorgfalt erstellt. F\u00fcr die Richtigkeit, Vollst\u00e4ndigkeit und Aktualit\u00e4t der Inhalte k\u00f6nnen wir jedoch keine Gew\u00e4hr \u00fcbernehmen.<\/p>\n\n\n\n<p>Externe Links auf dieser Seite wurden zum Zeitpunkt der Verlinkung auf m\u00f6gliche Rechtsverst\u00f6\u00dfe \u00fcberpr\u00fcft. F\u00fcr die Inhalte externer Seiten sind ausschlie\u00dflich deren Betreiber verantwortlich.<\/p>\n\n\n\n<h2 class=\"wp-block-heading\">Urheberrecht<\/h2>\n\n\n\n<p>Die durch die Seitenbetreiber erstellten Inhalte und Werke auf diesen Seiten unterliegen dem deutschen Urheberrecht. Beitr\u00e4ge Dritter sind als solche gekennzeichnet. Die Vervielf\u00e4ltigung, Bearbeitung, Verbreitung und jede Art der Verwertung au\u00dferhalb der Grenzen des Urheberrechts bed\u00fcrfen der schriftlichen Zustimmung des jeweiligen Autors bzw. Erstellers.<\/p>\n<\/div>\n\n\n\n<div data-wp-context=\"{ &quot;autoclose&quot;: false, &quot;accordionItems&quot;: [] }\" data-wp-interactive=\"core\/accordion\" role=\"group\" class=\"wp-block-accordion is-layout-flow wp-block-accordion-is-layout-flow\">\n<div data-wp-class--is-open=\"state.isOpen\" data-wp-context=\"{ &quot;id&quot;: &quot;accordion-item-1&quot;, &quot;openByDefault&quot;: false }\" data-wp-init=\"callbacks.initAccordionItems\" data-wp-on-window--hashchange=\"callbacks.hashChange\" class=\"wp-block-accordion-item is-layout-flow wp-block-accordion-item-is-layout-flow\">\n<h3 class=\"wp-block-accordion-heading\"><button aria-expanded=\"false\" aria-controls=\"accordion-item-1-panel\" data-wp-bind--aria-expanded=\"state.isOpen\" data-wp-on--click=\"actions.toggle\" data-wp-on--keydown=\"actions.handleKeyDown\" id=\"accordion-item-1\" type=\"button\" class=\"wp-block-accordion-heading__toggle\"><span class=\"wp-block-accordion-heading__toggle-title\">Quellen<\/span><span class=\"wp-block-accordion-heading__toggle-icon\" aria-hidden=\"true\">+<\/span><\/button><\/h3>\n\n\n\n<div inert aria-labelledby=\"accordion-item-1\" data-wp-bind--inert=\"!state.isOpen\" id=\"accordion-item-1-panel\" role=\"region\" class=\"wp-block-accordion-panel is-layout-flow wp-block-accordion-panel-is-layout-flow\">\n<p>Foto von Quang Viet Nguyen: <br>https:\/\/www.pexels.com\/de-de\/foto\/rolex-uhr-mit-lederarmband-in-einer-box-mit-stempel-19766307\/<\/p>\n\n\n\n<p><\/p>\n\n\n\n<p>Foto von Alina Matveycheva:<\/p>\n\n\n\n<p> https:\/\/www.pexels.com\/de-de\/foto\/stapel-von-goldbarren-auf-rustikalem-holzbrett-29483247\/<\/p>\n\n\n\n<p><\/p>\n\n\n\n<p>Foto von B\u00fc\u015fra Karabulut: <\/p>\n\n\n\n<p>https:\/\/www.pexels.com\/de-de\/foto\/34579761\/<\/p>\n<\/div>\n<\/div>\n<\/div>\n\n\n\n<p><\/p>\n","protected":false},"excerpt":{"rendered":"<p>Goldhaus an der S\u00fclzFranz \/ Rose GbR Bahnhofstra\u00dfe 151503 R\u00f6srathDeutschland Vertreten durch:Rose Kontakt:Telefon: 02205 9479803E-Mail: info@goldhaus-roesrath.deWeb: www.goldhaus-roesrath.de Umsatzsteuer-ID:507\/4899\/1366 Handelsregister:Amtsgericht ,\u00a0 Haftungsausschluss Die Inhalte dieser Seite wurden mit gr\u00f6\u00dfter Sorgfalt erstellt. F\u00fcr die Richtigkeit, Vollst\u00e4ndigkeit und Aktualit\u00e4t der Inhalte k\u00f6nnen wir jedoch keine Gew\u00e4hr \u00fcbernehmen. Externe Links auf dieser Seite wurden zum Zeitpunkt der Verlinkung auf [&hellip;]<\/p>\n","protected":false},"author":1,"featured_media":0,"parent":0,"menu_order":0,"comment_status":"closed","ping_status":"closed","template":"","meta":{"footnotes":""},"class_list":["post-34","page","type-page","status-publish","hentry"],"yoast_head":"<!-- This site is optimized with the Yoast SEO plugin v27.3 - https:\/\/yoast.com\/product\/yoast-seo-wordpress\/ -->\n<title>Impressum - Goldhaus an der S\u00fclz<\/title>\n<meta name=\"robots\" content=\"index, follow, max-snippet:-1, max-image-preview:large, max-video-preview:-1\" \/>\n<link rel=\"canonical\" href=\"https:\/\/goldhaus-roesrath.de\/?page_id=34\" \/>\n<meta property=\"og:locale\" content=\"de_DE\" \/>\n<meta property=\"og:type\" content=\"article\" \/>\n<meta property=\"og:title\" content=\"Impressum - Goldhaus an der S\u00fclz\" \/>\n<meta property=\"og:description\" content=\"Goldhaus an der S\u00fclzFranz \/ Rose GbR Bahnhofstra\u00dfe 151503 R\u00f6srathDeutschland Vertreten durch:Rose Kontakt:Telefon: 02205 9479803E-Mail: info@goldhaus-roesrath.deWeb: www.goldhaus-roesrath.de Umsatzsteuer-ID:507\/4899\/1366 Handelsregister:Amtsgericht ,\u00a0 Haftungsausschluss Die Inhalte dieser Seite wurden mit gr\u00f6\u00dfter Sorgfalt erstellt. F\u00fcr die Richtigkeit, Vollst\u00e4ndigkeit und Aktualit\u00e4t der Inhalte k\u00f6nnen wir jedoch keine Gew\u00e4hr \u00fcbernehmen. Externe Links auf dieser Seite wurden zum Zeitpunkt der Verlinkung auf [&hellip;]\" \/>\n<meta property=\"og:url\" content=\"https:\/\/goldhaus-roesrath.de\/?page_id=34\" \/>\n<meta property=\"og:site_name\" content=\"Goldhaus an der S\u00fclz\" \/>\n<meta property=\"article:modified_time\" content=\"2026-04-13T13:31:10+00:00\" \/>\n<meta name=\"twitter:card\" content=\"summary_large_image\" \/>\n<meta name=\"twitter:label1\" content=\"Gesch\u00e4tzte Lesezeit\" \/>\n\t<meta name=\"twitter:data1\" content=\"1\u00a0Minute\" \/>\n<script type=\"application\/ld+json\" class=\"yoast-schema-graph\">{\"@context\":\"https:\\\/\\\/schema.org\",\"@graph\":[{\"@type\":\"WebPage\",\"@id\":\"https:\\\/\\\/goldhaus-roesrath.de\\\/?page_id=34\",\"url\":\"https:\\\/\\\/goldhaus-roesrath.de\\\/?page_id=34\",\"name\":\"Impressum - Goldhaus an der S\u00fclz\",\"isPartOf\":{\"@id\":\"https:\\\/\\\/goldhaus-roesrath.de\\\/#website\"},\"datePublished\":\"2026-04-13T11:03:15+00:00\",\"dateModified\":\"2026-04-13T13:31:10+00:00\",\"breadcrumb\":{\"@id\":\"https:\\\/\\\/goldhaus-roesrath.de\\\/?page_id=34#breadcrumb\"},\"inLanguage\":\"de\",\"potentialAction\":[{\"@type\":\"ReadAction\",\"target\":[\"https:\\\/\\\/goldhaus-roesrath.de\\\/?page_id=34\"]}]},{\"@type\":\"BreadcrumbList\",\"@id\":\"https:\\\/\\\/goldhaus-roesrath.de\\\/?page_id=34#breadcrumb\",\"itemListElement\":[{\"@type\":\"ListItem\",\"position\":1,\"name\":\"Start\",\"item\":\"https:\\\/\\\/goldhaus-roesrath.de\\\/\"},{\"@type\":\"ListItem\",\"position\":2,\"name\":\"Impressum\"}]},{\"@type\":\"WebSite\",\"@id\":\"https:\\\/\\\/goldhaus-roesrath.de\\\/#website\",\"url\":\"https:\\\/\\\/goldhaus-roesrath.de\\\/\",\"name\":\"Goldhaus an der S\u00fclz\",\"description\":\"\",\"publisher\":{\"@id\":\"https:\\\/\\\/goldhaus-roesrath.de\\\/#organization\"},\"potentialAction\":[{\"@type\":\"SearchAction\",\"target\":{\"@type\":\"EntryPoint\",\"urlTemplate\":\"https:\\\/\\\/goldhaus-roesrath.de\\\/?s={search_term_string}\"},\"query-input\":{\"@type\":\"PropertyValueSpecification\",\"valueRequired\":true,\"valueName\":\"search_term_string\"}}],\"inLanguage\":\"de\"},{\"@type\":\"Organization\",\"@id\":\"https:\\\/\\\/goldhaus-roesrath.de\\\/#organization\",\"name\":\"Goldhaus an der S\u00fclz\",\"url\":\"https:\\\/\\\/goldhaus-roesrath.de\\\/\",\"logo\":{\"@type\":\"ImageObject\",\"inLanguage\":\"de\",\"@id\":\"https:\\\/\\\/goldhaus-roesrath.de\\\/#\\\/schema\\\/logo\\\/image\\\/\",\"url\":\"https:\\\/\\\/goldhaus-roesrath.de\\\/wp-content\\\/uploads\\\/2026\\\/04\\\/file-1.png\",\"contentUrl\":\"https:\\\/\\\/goldhaus-roesrath.de\\\/wp-content\\\/uploads\\\/2026\\\/04\\\/file-1.png\",\"width\":570,\"height\":290,\"caption\":\"Goldhaus an der S\u00fclz\"},\"image\":{\"@id\":\"https:\\\/\\\/goldhaus-roesrath.de\\\/#\\\/schema\\\/logo\\\/image\\\/\"}}]}<\/script>\n<!-- \/ Yoast SEO plugin. -->","yoast_head_json":{"title":"Impressum - Goldhaus an der S\u00fclz","robots":{"index":"index","follow":"follow","max-snippet":"max-snippet:-1","max-image-preview":"max-image-preview:large","max-video-preview":"max-video-preview:-1"},"canonical":"https:\/\/goldhaus-roesrath.de\/?page_id=34","og_locale":"de_DE","og_type":"article","og_title":"Impressum - Goldhaus an der S\u00fclz","og_description":"Goldhaus an der S\u00fclzFranz \/ Rose GbR Bahnhofstra\u00dfe 151503 R\u00f6srathDeutschland Vertreten durch:Rose Kontakt:Telefon: 02205 9479803E-Mail: info@goldhaus-roesrath.deWeb: www.goldhaus-roesrath.de Umsatzsteuer-ID:507\/4899\/1366 Handelsregister:Amtsgericht ,\u00a0 Haftungsausschluss Die Inhalte dieser Seite wurden mit gr\u00f6\u00dfter Sorgfalt erstellt. F\u00fcr die Richtigkeit, Vollst\u00e4ndigkeit und Aktualit\u00e4t der Inhalte k\u00f6nnen wir jedoch keine Gew\u00e4hr \u00fcbernehmen. Externe Links auf dieser Seite wurden zum Zeitpunkt der Verlinkung auf [&hellip;]","og_url":"https:\/\/goldhaus-roesrath.de\/?page_id=34","og_site_name":"Goldhaus an der S\u00fclz","article_modified_time":"2026-04-13T13:31:10+00:00","twitter_card":"summary_large_image","twitter_misc":{"Gesch\u00e4tzte Lesezeit":"1\u00a0Minute"},"schema":{"@context":"https:\/\/schema.org","@graph":[{"@type":"WebPage","@id":"https:\/\/goldhaus-roesrath.de\/?page_id=34","url":"https:\/\/goldhaus-roesrath.de\/?page_id=34","name":"Impressum - Goldhaus an der S\u00fclz","isPartOf":{"@id":"https:\/\/goldhaus-roesrath.de\/#website"},"datePublished":"2026-04-13T11:03:15+00:00","dateModified":"2026-04-13T13:31:10+00:00","breadcrumb":{"@id":"https:\/\/goldhaus-roesrath.de\/?page_id=34#breadcrumb"},"inLanguage":"de","potentialAction":[{"@type":"ReadAction","target":["https:\/\/goldhaus-roesrath.de\/?page_id=34"]}]},{"@type":"BreadcrumbList","@id":"https:\/\/goldhaus-roesrath.de\/?page_id=34#breadcrumb","itemListElement":[{"@type":"ListItem","position":1,"name":"Start","item":"https:\/\/goldhaus-roesrath.de\/"},{"@type":"ListItem","position":2,"name":"Impressum"}]},{"@type":"WebSite","@id":"https:\/\/goldhaus-roesrath.de\/#website","url":"https:\/\/goldhaus-roesrath.de\/","name":"Goldhaus an der S\u00fclz","description":"","publisher":{"@id":"https:\/\/goldhaus-roesrath.de\/#organization"},"potentialAction":[{"@type":"SearchAction","target":{"@type":"EntryPoint","urlTemplate":"https:\/\/goldhaus-roesrath.de\/?s={search_term_string}"},"query-input":{"@type":"PropertyValueSpecification","valueRequired":true,"valueName":"search_term_string"}}],"inLanguage":"de"},{"@type":"Organization","@id":"https:\/\/goldhaus-roesrath.de\/#organization","name":"Goldhaus an der S\u00fclz","url":"https:\/\/goldhaus-roesrath.de\/","logo":{"@type":"ImageObject","inLanguage":"de","@id":"https:\/\/goldhaus-roesrath.de\/#\/schema\/logo\/image\/","url":"https:\/\/goldhaus-roesrath.de\/wp-content\/uploads\/2026\/04\/file-1.png","contentUrl":"https:\/\/goldhaus-roesrath.de\/wp-content\/uploads\/2026\/04\/file-1.png","width":570,"height":290,"caption":"Goldhaus an der S\u00fclz"},"image":{"@id":"https:\/\/goldhaus-roesrath.de\/#\/schema\/logo\/image\/"}}]}},"_links":{"self":[{"href":"https:\/\/goldhaus-roesrath.de\/index.php?rest_route=\/wp\/v2\/pages\/34","targetHints":{"allow":["GET"]}}],"collection":[{"href":"https:\/\/goldhaus-roesrath.de\/index.php?rest_route=\/wp\/v2\/pages"}],"about":[{"href":"https:\/\/goldhaus-roesrath.de\/index.php?rest_route=\/wp\/v2\/types\/page"}],"author":[{"embeddable":true,"href":"https:\/\/goldhaus-roesrath.de\/index.php?rest_route=\/wp\/v2\/users\/1"}],"replies":[{"embeddable":true,"href":"https:\/\/goldhaus-roesrath.de\/index.php?rest_route=%2Fwp%2Fv2%2Fcomments&post=34"}],"version-history":[{"count":4,"href":"https:\/\/goldhaus-roesrath.de\/index.php?rest_route=\/wp\/v2\/pages\/34\/revisions"}],"predecessor-version":[{"id":146,"href":"https:\/\/goldhaus-roesrath.de\/index.php?rest_route=\/wp\/v2\/pages\/34\/revisions\/146"}],"wp:attachment":[{"href":"https:\/\/goldhaus-roesrath.de\/index.php?rest_route=%2Fwp%2Fv2%2Fmedia&parent=34"}],"curies":[{"name":"wp","href":"https:\/\/api.w.org\/{rel}","templated":true}]}}